e highest common factor of w and a?
10
Suppose 45020*y - 45027*y + 1456 = 0. Calculate the highest common factor of 1072 and y.
16
Suppose -997*b + 389*b = -8515648. Calculate the highest common factor of b and 94.
94
Let o(f) = -f**2 + 9. Let r be o(-9). Let a be (-800)/r - (-1)/(-9). Suppose -22 = 6*u - 7*u. What is the highest common factor of a and u?
11
Suppose 4*b - 4*q + 156 = 0, 3*b + b - 2*q + 166 = 0. Let i = 287 + -325. Let r = i - b. What is the highest common divisor of r and 48?
6
Let t(y) = 124*y**2 - 111*y - 4. Let l be t(1). What is the highest common divisor of 17163 and l?
9
Let f = 11492 + -11391. Calculate the greatest common factor of f and 7171.
101
Suppose 11*l = 5*l + 1080. Let p be (-45)/l - (-309)/4. Let j be 2/((-16)/(-7) + -2). What is the greatest common divisor of p and j?
7
Suppose 3*k + 22*k + 15 = 30*k. What is the highest common factor of k and 10665?
3
Let d(p) = 5*p - 13. Let i be (9/27)/(2/18). Let x be d(i). Suppose -x*g = 4*l - 22, 2*g + 4*l = -2*g + 32. What is the greatest common divisor of g and 5?
5
Let t(u) = 24*u - 141. Let p be t(8). Suppose p - 139 = -r. Suppose 0 = 4*n - 3*i - 50, -1 = -n + i - 6*i. What is the greatest common divisor of n and r?
11
Let c = -26 + 66. Suppose -12 - 1 = -5*l - 3*k + 16, 0 = 2*k + 14. Calculate the highest common factor of c and l.
10
Suppose 0 = -25*a + 26*a - 610. Let f = a + -588. Calculate the greatest common factor of f and 506.
22
Let c(f) = 640*f - 2836. Let o be c(5). What is the highest common factor of 126 and o?
14
Let o be (4/10)/1 + (-256)/(-160). Let g be ((-850)/(-34))/(o/18). Let m be 4/18 - (-17275)/g. What is the greatest common divisor of m and 11?
11
Let m be (10 - 2)*(45/12)/5. Suppose 5*x = -5*u - 95, 2*x = -u - 41 + m. Let c be x/(-8) + (0 - -101 - -2). Calculate the greatest common factor of 21 and c.
21
Let c(l) be the first derivative of -2*l**2 - 51*l - 23. Let t be c(-15). Calculate the greatest common divisor of 63 and t.
9
Suppose -i - 46 + 13 = -3*g, 4*g + 2*i - 54 = 0. Let u be (405/6)/(-15)*(g - 0). Let k = 27 - u. What is the highest common factor of 9 and k?
9
Let k(t) = 29*t + 40. Let g be k(7). Suppose -5*w - 18 = -g. Calculate the greatest common factor of w and 75.
15
Suppose -2*r = -5*n + 5392, 16*r = -2*n + 11*r + 2180. Let h be 96/(-10)*n/(-144). What is the greatest common factor of 88 and h?
8
Suppose 0 = 5*z - 4*k - 2537, -324*k = -327*k + 21. What is the highest common divisor of 399 and z?
57
Let o(s) = -94*s + 50. Let f be o(4). Let d = f + 333. Calculate the greatest common divisor of 217 and d.
7
Suppose 3*f + 19 - 46 = 0. Suppose 18*y - 33 = -3*a + 19*y, 15 = -a - 4*y. What is the highest common divisor of a and f?
9
Let t be (-700)/(-15)*(-12)/(-10). Let r = -46 + 48. Let h = 9 - r. What is the greatest common factor of t and h?
7
Let r be 780/(35 + -29 + (-5)/1). What is the highest common divisor of r and 5?
5
Suppose 3*k - 296 = -2*t, -3*t + 482 - 87 = 4*k. Calculate the greatest common divisor of 6958 and k.
98
Let s(p) = -p - 6. Let h be s(-11). Suppose -15 = -h*z - 0. Suppose 3*w = 8*w - 5*g - 190, g + 5 = 0. What is the highest common divisor of w and z?
3
Suppose -10*f + 13*f - 9 = 0. Suppose -5*p = 2*n - 125, 4*p + 153 = -0*n + f*n. What is the highest common factor of 5 and n?
5
Let r(z) = -z**3 + 18*z**2 + 29*z - 15. Let i be r(19). Let j(q) = q**3 - 13*q**2 + 14*q - 17. Let l be j(12). What is the highest common factor of l and i?
7
Let a = 163 + -31. Let h(u) be the second derivative of -u**4/12 + 7*u**3/2 - 21*u**2 - 2*u. Let t be h(18). What is the greatest common divisor of t and a?
12
Let x be (-1 + -6)*3710/(-196)*8/10. Calculate the highest common divisor of 3763 and x.
53
Let r be ((-2)/(-8))/(341/110484). Suppose 5*y = 15, 2*c - 3*y + 6*y - 15 = 0. What is the highest common factor of r and c?
3
Let l = -852 - -872. Suppose -g + 3*g - 366 = -2*j, -4*g = -4*j + 700. Let c = -99 + j. Calculate the highest common divisor of l and c.
20
Suppose -26*m + 17*m + 27 = 0. Suppose m*c - 4*r = 18 + 110, -4*r - 20 = 0. What is the highest common divisor of 24 and c?
12
Let p(x) = -2*x**2 + 9*x + 23. Let q be p(6). Suppose q*f - 57 = 68. What is the greatest common factor of 175 and f?
25
Let z = 712 - 297. Let y = 453 - z. Calculate the highest common factor of y and 874.
38
Suppose 0 = -551188*d + 551246*d - 1856. Let y be (-1 - -3)*2*64. What is the highest common divisor of d and y?
32
Let c(p) = -5*p**3 - 221*p**2 - 95*p + 150. Let n be c(-44). Calculate the greatest common factor of 7 and n.
7
Suppose 7 = 5*y - 33. Suppose -7*z = -3*z - y. Suppose z*u = 4*i - 92, 4*i - 99 + 1 = -u. Calculate the greatest common divisor of i and 30.
6
Let g(j) = 5*j**2 - 8*j. Let t be g(7). Suppose 4*u + 100 = 104. Let m be (-3 - -24)*(u + 0)*1. What is the greatest common divisor of m and t?
21
Suppose 2*p + 12*g - 678 = 7*g, 5*g + 992 = 3*p. What is the highest common factor of p and 2?
2
Suppose 15 = 4*g - 29. Suppose 0 = -y + 6 - 8. Let r(v) = 40*v**2 - 5*v - 16. Let c be r(y). What is the greatest common divisor of g and c?
11
Let u(i) = -2*i**3 - 6*i**2 + 8*i + 3. Let g be u(-4). Suppose -g*d = -m - 153, 0 = -5*d + d + 4*m + 196. Calculate the greatest common divisor of d and 338.
26
Suppose 0 = 6*s - 4*s + 572. Let u = -76 - s. Suppose -25*h = -28*h + 5*j + 146, -3*h + 2*j = -134. What is the greatest common factor of h and u?
42
Suppose -152*x - z = -160*x + 4506, -z = -5*x + 2814. Calculate the greatest common factor of x and 264.
12
Suppose -21*t - 362 + 1160 = 0. Suppose 0 = z + 5*l - 113, 4*z + 9*l - 11*l = 540. What is the highest common divisor of t and z?
19
Suppose -a - 12 = -3*d, 12*d + a = 14*d - 7. Suppose -d*i + 7*i = 4*x - 718, -365 = -2*x - 5*i. What is the highest common divisor of 36 and x?
36
Suppose 12126 = -7*v + 9*v - 2*s, 3*v + s = 18185. Suppose v = 24*f - 298. Let l be ((-212)/(-6))/(4/6). Calculate the highest common factor of l and f.
53
Let n be 14/(-31 + 17) - (-1066 + 1). Calculate the greatest common divisor of n and 7.
7
Suppose -3*p = 3*h - 165, 8*p = 3*h + 4*p - 200. Let a be (-45)/h*(-64)/6. Calculate the highest common factor of a and 88.
8
Let l(o) = 2*o**3 - 3*o**3 - 17 + 12*o**2 - 16*o - o + 2*o**3. Let j be l(-13). What is the highest common divisor of 455 and j?
35
Let g be (((-1)/1)/(-2))/(-5*(-2)/263060). Calculate the highest common factor of 7 and g.
7
Suppose -48*l - 16 = -52*l. Suppose l*s = 19 + 1. Suppose 5*h = -2*y + 17, s*y = -8*h + 4*h + 85. What is the greatest common factor of 42 and y?
21
Suppose i = 3*u + 48, -12*i + 16*i - 102 = -3*u. Calculate the greatest common factor of 4380 and i.
30
Let d(k) = k + 10. Let j be d(-9). Suppose -4 = 3*v + 4*f - j, -3*v = 5*f + 6. Suppose m - v*m + 38 = 0. What is the highest common factor of m and 209?
19
Let v = 88999 + -88864. Suppose -2*r - 89 = 2*q - 3*q, 0 = -4*r - 16. Calculate the greatest common divisor of v and q.
27
Suppose 0 = 3*k - 115 + 85. Suppose 14*x - 178 = -k. Let s be 0 + 0 + 0 + 156. Calculate the highest common factor of x and s.
12
Let v(n) = -677*n - 211. Let t be v(-5). Calculate the highest common divisor of 207 and t.
69
Let r be (-1415 + 7 - 8)*(2 + -9)/7. Calculate the highest common factor of 5133 and r.
177
Suppose 5*q - d = 753, 260*d - 257*d = 3*q - 435. What is the highest common divisor of q and 29032?
152
Let i be 1415 + 1 + (85/(-15) - 3/9). Calculate the greatest common divisor of 24 and i.
6
Let w be (-108)/315*10*(-210)/12. Calculate the greatest common divisor of 1260 and w.
60
Let k = -43 + 61. Suppose a + 4*t + 15 = 2*a, -2*a - 3*t = 3. Suppose 0 = -5*n - a*s - 2, -s - 1 = -2*n + 7. What is the highest common factor of n and k?
2
Let d(p) = p**3 - 12*p**2 + 10. Let c(m) = -21*m + 306. Let x be c(14). Let l be d(x). Calculate the greatest common factor of l and 130.
10
Let d(j) = 2*j**2 + 8*j - 7. Suppose -3*m + l - 8 - 8 = 0, -l - 8 = m. Let f be d(m). Suppose 2 + 389 = f*q. What is the greatest common factor of q and 207?
23
Let c = 1828 - 1814. Let f(s) = -3*s + 59. Let w be f(17). What is the highest common factor of w and c?
2
Let u = 245 - 561. Let q = -288 - u. Calculate the highest common factor of 21 and q.
7
Let z(i) = i**2 + 46*i - 2922. Let f be z(-127). Calculat